 = 4*x**3 - 4*x**2 - 3*x + 3. Let w(z) = -3*z**3 + 5*z**2 + 2*z - 4. Let d be 1*(4/(-14) - (-48)/(-28)). Let l(i) = d*p(i) - 3*w(i). Give l(7).
6
Let w(y) = 8 - 41*y + 76*y - 36*y. Determine w(4).
4
Let h(y) = y - 5. Suppose -100*q + 95*q = -35. What is h(q)?
2
Let q(u) = u - 10. Let d(g) = 3*g - 35. Let h(o) = -d(o) + 4*q(o). Calculate h(9).
4
Let c(m) be the first derivative of -m**4/12 + m**3/3 - 5*m**2/2 + 2. Let i(t) be the second derivative of c(t). Suppose 1 + 5 = 3*x. Calculate i(x).
-2
Suppose -49*b - 36 = -51*b. Let n = 20 - b. Let f(v) = -v**2 - v - 2. Calculate f(n).
-8
Let r(s) = 2*s**2 + 7*s - 2. Suppose -z - 3*v - 10 = 0, -1 = -5*v - 11. Let p be r(z). Let c(q) = -12 + 6 + p*q**2 + q**3 + 4*q**2. Give c(-6).
-6
Let q be (-3 + 2)/((2 + 2)/32). Let p(f) = -4*f - 18. Determine p(q).
14
Let t = -166 - -170. Let b(n) be the third derivative of 0 - 1/12*n**5 - 1/120*n**6 + 0*n - 1/6*n**t - 2*n**2 + 1/6*n**3. Give b(-4).
1
Let k(g) = -g**2 + 17*g + 21. Let d be k(18). Let n(z) be the second derivative of 0 - 1/2*z**2 - 2*z + 0*z**d - 1/4*z**4. Give n(-1).
-4
Let s(i) = 4*i**3 - i**2 - i. Suppose 0*q - 5*q + 2*y = -16, 3*q - 4*y = 18. Let m(n) = -3*n**3 + n**2 + n - 1. Let p(l) = q*s(l) + 3*m(l). Give p(3).
-18
Let z(a) be the first derivative of -a**3/3 + 13*a**2/2 - 36*a + 86. Give z(5).
4
Let j(f) = -13*f**2 - f + 2. Let i = -201 + 199. Determine j(i).
-48
Let x(y) be the first derivative of y**4/4 - 7*y**3/3 - y**2 + 3*y - 15. Calculate x(7).
-11
Let f be ((-8)/(-80))/(8/20). Let v(d) be the first derivative of -3*d**2 - f*d**4 - 3 + d + 2*d**3. Calculate v(5).
-4
Suppose -4*n + 68 = -3*j, 0*n = -3*n + 15. Let m = j - -11. Let o(f) be the second derivative of f**4/12 + 5*f**3/6 - 5*f**2/2 - f. Calculate o(m).
-5
Let t(o) = o**3 + 8*o**2 + 8*o + 2. Let z = 147 + -77. Let f be (1 - 2)/(10/z). Calculate t(f).
-5
Let a(u) = 3*u + 3. Let l be (-2)/1*(28 - 29). Suppose r - 8 = -l*q + 7*q, -1 = r + 4*q. Calculate a(r).
12
Let g(u) = -u**3 + 0*u**3 - 3*u**2 + 9117 + 6*u - 9111. What is g(-4)?
-2
Let p(l) = -29*l + 2. Let u be p(2). Let j be ((-2)/7)/(8/u). Let k(o) = o**j - 4*o**2 + 0*o**3 - o**3 + 2 - 2*o**2 - 5*o. What is k(-4)?
6
Suppose 60 = -4*l + 156. Let r(b) = 48*b - 29*b + b**2 + 5 - l*b. Determine r(6).
11
Let h(r) = -2*r + 30. Let a(f) = -f**2 + 134. Let i be a(-11). Determine h(i).
4
Let z = -231 - -236. Let s(f) = -f**3 + 6*f**2 - 8*f + 4. Give s(z).
-11
Let p be 75/(-20)*((-6)/(-15) + -2). Let d(q) = 5*q - 5. What is d(p)?
25
Suppose 0 = 4*n - a + 6 + 15, -4*n - 1 = 3*a. Let q(c) = c**3 + 3*c**2 + c - 3. What is q(n)?
-23
Suppose -19 = 29*v + 126. Let q(t) = -t**3 - 5*t**2 + 6*t + 6. What is q(v)?
-24
Suppose -3*b = 2*c - 6, -2*c - 6 = -3*b - c. Let j(d) = 0*d**2 + d**2 - b*d**2 - 3 - d + 0*d**2. Suppose -8 = -4*n + 2*p, 4*n - 8*n = -4*p - 16. Determine j(n).
-3
Let d(f) = 2*f + 17. Let w = 36 + -41. Let g be d(w). Let b(c) = -c**2 + 5*c - 4. Calculate b(g).
-18
Let r(b) = b**2 + 11*b + 8. Let o(i) = -4*i**2 + 15*i + 45. Let g be o(6). Determine r(g).
-10
Let j = -10 + 22. Let f be 1/((j/8)/3). Let c(d) = 8 - 6*d**2 - d**3 + f + 0*d - 3 - 3*d. What is c(-5)?
-3
Let u(q) be the second derivative of -5*q**3/6 + 19*q**2 + 8*q + 9. Determine u(9).
-7
Let q(g) = -4 - 2*g + g**2 + g - 4*g**2 + g**3. Suppose 21 = 3*h + 3*a, 0 = -4*h + h - 4*a + 24. Let x be q(h). Let l(w) = 2*w - 12. Give l(x).
4
Let h(v) = 5*v - 41. Let f be h(8). Let u(g) = -g**3 + 1. Let m(r) = 2*r**3 - r**2 + r - 5. Let l(t) = f*m(t) - 3*u(t). What is l(0)?
2
Let r(h) = -h**2 - 4*h + 8. Let q(k) = k**3 - 13*k**2 + 30*k - 4. Let l be q(10). Calculate r(l).
8
Let l(w) = 0*w**2 - w - 4*w**2 - w**2. Suppose -k = 2*d - 19, 0 = d + 4*k - 0 - 13. Suppose -p - d = -4*p - 2*m, -2*p + m - 1 = 0. Give l(p).
-6
Let r(g) = 3*g + 2. Suppose -4*q = 3*z - 144, -2*q + z + 72 = 5*z. Let j be 2/7 + q/21. What is r(j)?
8
Let c(i) = 6*i - 118. Let o be c(23). Let x(w) = w**2 - 20*w. What is x(o)?
0
Let z = -105 - -106. Let g(s) = -11*s**3 - s**2. Give g(z).
-12
Let o(l) = l**3 + 15*l**2 + 43*l - 58. Let k be o(-10). Let p(v) = -v**2 + 10*v + 10. Calculate p(k).
-14
Let r(z) = -z**3 + 4*z**2 - 7*z + 3. Suppose -20*l - 42 + 102 = 0. Determine r(l).
-9
Let s be (-120)/18 - 4/(-6). Let m(l) be the third derivative of -l**5/60 - 7*l**4/24 - l**3/2 + 6*l**2 - 6. What is m(s)?
3
Let s(k) = -k**3 + k**2 + k - 1. Suppose -2*r + 0 - 16 = 0. Let l = 5 + r. Let y(d) = -4*d**3 + 4*d**2 + 6*d - 5. Let o(i) = l*s(i) + y(i). What is o(3)?
-11
Let y be ((-12)/14)/(1/7). Let t(d) be the second derivative of d**5/20 + 7*d**4/12 + 5*d**3/6 - d**2 + 283*d - 6. Calculate t(y).
4
Let k be 0/(1*-2) - 0. Suppose -3*z = w - 5, 4*z = 2*w - 16 + 6. Let m(c) = 4*c - w*c + 1 + k. Give m(-3).
4
Let s(v) = -4*v**3 - 4*v**2 - 5*v. Let h(r) = 5*r**3 + 3*r**2 + 5*r - 1. Let x(c) = 3*h(c) + 4*s(c). Give x(-6).
-9
Let v(t) = -6*t + 1. Let y(l) = -2*l - 33. Let d be y(-18). Suppose -4*u - d = -u. Calculate v(u).
7
Let c(p) = 5*p**3 + p**2 - p - 1. Suppose v + 7 = -4*w, 3*w = 2*v + 4*w. Let o be (5/20)/(v/(-4)). Determine c(o).
-4
Let b(q) be the first derivative of -1/3*q**3 - 4*q - 8 + 9/2*q**2. Calculate b(7).
10
Let x(m) = m + 1. Let f(j) = -j**2 - 15*j - 1. Let u be f(-15). Let n(y) = 2*y + 8. Let t(s) = u*x(s) + n(s). Let w = -4 + 4. Calculate t(w).
7
Suppose q - 11 = -4*s, -35 = -5*q + 2*s - 2. Let j(d) = d + 4*d + 8 - d**2 + 1 - 2. Calculate j(q).
-7
Let h(w) be the second derivative of 5/6*w**3 - 1/20*w**5 + 1/3*w**4 + 3/2*w**2 + 4*w + 0. Calculate h(5).
3
Let c(m) = -m - 5*m**2 + 0*m + 0*m**3 + 21 - 28 - m**3. Let v(r) = r**2 - 10*r - 5. Let d = 17 + -7. Let b be v(d). Give c(b).
-2
Let n(b) = -b**3 - 6*b**2 - 6*b - 3. Suppose 0 = 3*s - 2*k - 1, -4*s + 6*k = 3*k. Suppose -2*g = -s*p - 15, 0 = -4*p - 0*p + 3*g - 20. What is n(p)?
2
Let x(d) = 1 - 1 - 2*d. Let l(j) = -5*j - 53. Let i be l(-11). Determine x(i).
-4
Let b(u) = 3*u**3 - 7*u**2 + 4*u - 2. Let o(v) = 2*v**3 - 6*v**2 + 3*v - 2. Let k(z) = 3*b(z) - 4*o(z). Suppose 34*y = 7 - 109. Calculate k(y).
2
Let b = 2 + -5. Let s(j) be the third derivative of -3*j**2 + 0*j**3 - 1/6*j**4 + 0*j - 1/30*j**5 + 0. What is s(b)?
-6
Let u(w) = -w**2 - w + 1. Suppose 26*z - 67 - 63 = 0. Calculate u(z).
-29
Suppose 0 = 2*i + 106 - 96. Let p(y) = 3*y + 6. Let h(n) be the third derivative of -n**4/12 - n**3/2 + 2*n**2. Let k(r) = -5*h(r) - 3*p(r). Determine k(i).
-8
Let d(h) be the first derivative of -h**5/60 + 2*h**3/3 - 6. Let u(y) be the third derivative of d(y). Give u(3).
-6
Let o = 0 + 6. Let m = o + -11. Let j(p) = p**2 - p. Let k(q) = -5*q. Let h(b) = -j(b) + k(b). Calculate h(m).
-5
Let u be (0 - -8)/(2/(-4)*4). Let l be 3/2 - (-4)/8. Let x(z) = -3*z**l - z - z + 5 + 2*z**2. Give x(u).
-3
Let v(s) be the third derivative of s**4/12 + s**3/3 + s**2 - 3*s. Calculate v(-8).
-14
Suppose -5*v - 25 = -20. Let a(b) = -b + 1. Let m(l) = -15*l**3 - 2*l**2 + 2*l - 5. Let q(h) = 4*a(h) + m(h). What is q(v)?
14
Let b = 665 - 661. Let u(q) = -q**2 + q - 2. Determine u(b).
-14
Let y(m) = m + 8. Let h be ((5/2)/5)/(12/96). Give y(h).
12
Let v(g) be the third derivative of g**5/60 + 5*g**4/24 + g**3/2 + 91*g**2 + 2*g. What is v(-5)?
3
Let k(x) be the first derivative of -x**2/2 + x + 4. Let g(s) = 4*s - 1. Let h(d) = -g(d) - 2*k(d). Give h(-2).
3
Let w(f) = f - 12. Let m be w(14). Let z(h) = 0*h + 3*h + m*h + 2 - 9*h. What is z(-2)?
10
Let c(j) = 1 - 2*j + 3*j - 4*j. Let d(r) = 2*r - 1. Let n(l) = 4*c(l) + 5*d(l). Give n(1).
-3
Let d(t) be the third derivative of -7*t**6/120 + t**4/24 + t**3/6 - t**2. Let i = -113 - -115. Suppose 14 = -4*g + i, -q - g - 4 = 0. Give d(q).
7
Let l(i) = -3*i + 71. Suppose 507 = 22*g - 43. Determine l(g).
-4
Suppose -8 = -2*z, 2*l - 5*z - 10 + 32 = 0. Let o(n) = 14*n**3 - n**2. Calculate o(l).
-15
Let a(s) = s**2 - 6*s + 5. Let f(p) = p + 10. Suppose -3*r = l - 5*l + 20, -2*r + 10 = 2*l. Let q = l - 10. Let j be f(q). What is a(j)?
0
Let g(y) = -y**3 - 10*y**2 - y - 8. Suppose -4*j = 3*h + 46, 18 = -5*j - h - 34. Let w be g(j). Let r(v) = 2*v - v + 0*v - 2*v**w. Calculate r(2).
-6
Suppose 10*t - 8 = 8*t. Let j(m) = -23 - t*m**2 - 3*m - m**2 - m**3 + 19. Calculate j(-5).
11
Let u(p) = 2*p. Suppose -6*n - 2*n = -40. Determine u(n).
10
Let b be 6/(-5)